{"id":47070,"date":"2024-04-14T17:34:29","date_gmt":"2024-04-14T20:34:29","guid":{"rendered":"https:\/\/abmes.com.br\/site\/?page_id=47070"},"modified":"2024-04-14T17:36:54","modified_gmt":"2024-04-14T20:36:54","slug":"destaques-2","status":"publish","type":"page","link":"https:\/\/abmes.com.br\/site\/destaques-2\/","title":{"rendered":"Sa\u00fade"},"content":{"rendered":"\t\t<div data-elementor-type=\"wp-page\" data-elementor-id=\"47070\" class=\"elementor elementor-47070\" data-elementor-post-type=\"page\">\n\t\t\t\t<div class=\"elementor-element elementor-element-4df0d1b e-flex e-con-boxed e-con e-parent\" data-id=\"4df0d1b\" data-element_type=\"container\">\n\t\t\t\t\t<div class=\"e-con-inner\">\n\t\t\t\t<div class=\"elementor-element elementor-element-a1d6278 elementor-grid-3 elementor-grid-tablet-2 elementor-grid-mobile-1 elementor-posts--thumbnail-top load-more-align-center elementor-widget elementor-widget-posts\" data-id=\"a1d6278\" data-element_type=\"widget\" data-settings=\"{&quot;pagination_type&quot;:&quot;load_more_on_click&quot;,&quot;classic_columns&quot;:&quot;3&quot;,&quot;classic_columns_tablet&quot;:&quot;2&quot;,&quot;classic_columns_mobile&quot;:&quot;1&quot;,&quot;classic_row_gap&quot;:{&quot;unit&quot;:&quot;px&quot;,&quot;size&quot;:35,&quot;sizes&quot;:[]},&quot;classic_row_gap_tablet&quot;:{&quot;unit&quot;:&quot;px&quot;,&quot;size&quot;:&quot;&quot;,&quot;sizes&quot;:[]},&quot;classic_row_gap_mobile&quot;:{&quot;unit&quot;:&quot;px&quot;,&quot;size&quot;:&quot;&quot;,&quot;sizes&quot;:[]},&quot;load_more_spinner&quot;:{&quot;value&quot;:&quot;fas fa-spinner&quot;,&quot;library&quot;:&quot;fa-solid&quot;}}\" data-widget_type=\"posts.classic\">\n\t\t\t\t<div class=\"elementor-widget-container\">\n\t\t\t<link rel=\"stylesheet\" href=\"https:\/\/abmes.com.br\/site\/wp-content\/plugins\/elementor-pro\/assets\/css\/widget-posts.min.css?ver=1731349946\">\t\t<div class=\"elementor-posts-container elementor-posts elementor-posts--skin-classic elementor-grid\">\n\t\t\t\t<article class=\"elementor-post elementor-grid-item post-47908 post type-post status-publish format-standard has-post-thumbnail hentry category-noticias category-saude\">\n\t\t\t\t<a class=\"elementor-post__thumbnail__link\" href=\"https:\/\/abmes.com.br\/site\/plano-odontologico-completo-com-carencia-zero-e-cobertura-imbativel-para-voce-e-sua-familia\/\" tabindex=\"-1\" >\n\t\t\t<div class=\"elementor-post__thumbnail\"><img fetchpriority=\"high\" decoding=\"async\" width=\"300\" height=\"200\" src=\"https:\/\/abmes.com.br\/site\/wp-content\/uploads\/2024\/10\/DENTISTA-300x200.jpg\" class=\"attachment-medium size-medium wp-image-47909\" alt=\"\" srcset=\"https:\/\/abmes.com.br\/site\/wp-content\/uploads\/2024\/10\/DENTISTA-300x200.jpg 300w, https:\/\/abmes.com.br\/site\/wp-content\/uploads\/2024\/10\/DENTISTA-1024x683.jpg 1024w, https:\/\/abmes.com.br\/site\/wp-content\/uploads\/2024\/10\/DENTISTA-768x512.jpg 768w, https:\/\/abmes.com.br\/site\/wp-content\/uploads\/2024\/10\/DENTISTA.jpg 1200w\" sizes=\"(max-width: 300px) 100vw, 300px\" \/><\/div>\n\t\t<\/a>\n\t\t\t\t<div class=\"elementor-post__text\">\n\t\t\t\t<h3 class=\"elementor-post__title\">\n\t\t\t<a href=\"https:\/\/abmes.com.br\/site\/plano-odontologico-completo-com-carencia-zero-e-cobertura-imbativel-para-voce-e-sua-familia\/\" >\n\t\t\t\tPlano odontol\u00f3gico completo com car\u00eancia zero e cobertura imbat\u00edvel para voc\u00ea e sua fam\u00edlia\t\t\t<\/a>\n\t\t<\/h3>\n\t\t\t\t<div class=\"elementor-post__meta-data\">\n\t\t\t\t\t<span class=\"elementor-post-date\">\n\t\t\t13 de novembro de 2024\t\t<\/span>\n\t\t\t\t<\/div>\n\t\t\t\t<\/div>\n\t\t\t\t<\/article>\n\t\t\t\t<article class=\"elementor-post elementor-grid-item post-47869 post type-post status-publish format-standard has-post-thumbnail hentry category-noticias_destaque category-saude tag-abmes tag-associados tag-convenios tag-plano-odontologico\">\n\t\t\t\t<a class=\"elementor-post__thumbnail__link\" href=\"https:\/\/abmes.com.br\/site\/plano-odontologico-com-carencia-zero-e-cobertura-ampla-para-associados-e-dependentes-da-abmes\/\" tabindex=\"-1\" >\n\t\t\t<div class=\"elementor-post__thumbnail\"><img decoding=\"async\" width=\"300\" height=\"150\" src=\"https:\/\/abmes.com.br\/site\/wp-content\/uploads\/2024\/10\/odontologia_-banner_site_2059_x_1372-300x150.jpg\" class=\"attachment-medium size-medium wp-image-47873\" alt=\"\" srcset=\"https:\/\/abmes.com.br\/site\/wp-content\/uploads\/2024\/10\/odontologia_-banner_site_2059_x_1372-300x150.jpg 300w, https:\/\/abmes.com.br\/site\/wp-content\/uploads\/2024\/10\/odontologia_-banner_site_2059_x_1372-1024x512.jpg 1024w, https:\/\/abmes.com.br\/site\/wp-content\/uploads\/2024\/10\/odontologia_-banner_site_2059_x_1372-768x384.jpg 768w, https:\/\/abmes.com.br\/site\/wp-content\/uploads\/2024\/10\/odontologia_-banner_site_2059_x_1372-1536x768.jpg 1536w, https:\/\/abmes.com.br\/site\/wp-content\/uploads\/2024\/10\/odontologia_-banner_site_2059_x_1372.jpg 2000w\" sizes=\"(max-width: 300px) 100vw, 300px\" \/><\/div>\n\t\t<\/a>\n\t\t\t\t<div class=\"elementor-post__text\">\n\t\t\t\t<h3 class=\"elementor-post__title\">\n\t\t\t<a href=\"https:\/\/abmes.com.br\/site\/plano-odontologico-com-carencia-zero-e-cobertura-ampla-para-associados-e-dependentes-da-abmes\/\" >\n\t\t\t\tPlano odontol\u00f3gico com car\u00eancia zero e cobertura ampla para associados e dependentes da ABMES\t\t\t<\/a>\n\t\t<\/h3>\n\t\t\t\t<div class=\"elementor-post__meta-data\">\n\t\t\t\t\t<span class=\"elementor-post-date\">\n\t\t\t8 de outubro de 2024\t\t<\/span>\n\t\t\t\t<\/div>\n\t\t\t\t<\/div>\n\t\t\t\t<\/article>\n\t\t\t\t<article class=\"elementor-post elementor-grid-item post-47847 post type-post status-publish format-standard has-post-thumbnail hentry category-noticias_destaque category-saude tag-abmes tag-cancer-de-mama tag-outubro-rosa\">\n\t\t\t\t<a class=\"elementor-post__thumbnail__link\" href=\"https:\/\/abmes.com.br\/site\/outubro-rosa-abmes-incentiva-a-prevencao-e-o-diagnostico-precoce-do-cancer-de-mama\/\" tabindex=\"-1\" >\n\t\t\t<div class=\"elementor-post__thumbnail\"><img decoding=\"async\" width=\"275\" height=\"183\" src=\"https:\/\/abmes.com.br\/site\/wp-content\/uploads\/2024\/10\/CANCER-DE-MAMA-PREVENCAO.jpg\" class=\"attachment-medium size-medium wp-image-47848\" alt=\"\" \/><\/div>\n\t\t<\/a>\n\t\t\t\t<div class=\"elementor-post__text\">\n\t\t\t\t<h3 class=\"elementor-post__title\">\n\t\t\t<a href=\"https:\/\/abmes.com.br\/site\/outubro-rosa-abmes-incentiva-a-prevencao-e-o-diagnostico-precoce-do-cancer-de-mama\/\" >\n\t\t\t\tOutubro Rosa: ABMES incentiva a preven\u00e7\u00e3o e o diagn\u00f3stico precoce do c\u00e2ncer de mama\t\t\t<\/a>\n\t\t<\/h3>\n\t\t\t\t<div class=\"elementor-post__meta-data\">\n\t\t\t\t\t<span class=\"elementor-post-date\">\n\t\t\t1 de outubro de 2024\t\t<\/span>\n\t\t\t\t<\/div>\n\t\t\t\t<\/div>\n\t\t\t\t<\/article>\n\t\t\t\t<article class=\"elementor-post elementor-grid-item post-47663 post type-post status-publish format-standard has-post-thumbnail hentry category-noticias_destaque category-saude tag-abmes tag-aleitamento-materno tag-amamentacao tag-bebe-2\">\n\t\t\t\t<a class=\"elementor-post__thumbnail__link\" href=\"https:\/\/abmes.com.br\/site\/agosto-dourado-e-o-mes-de-conscientizacao-e-apoio-ao-aleitamento-materno\/\" tabindex=\"-1\" >\n\t\t\t<div class=\"elementor-post__thumbnail\"><img loading=\"lazy\" decoding=\"async\" width=\"300\" height=\"169\" src=\"https:\/\/abmes.com.br\/site\/wp-content\/uploads\/2024\/08\/AMAMENTACAO-300x169.jpeg\" class=\"attachment-medium size-medium wp-image-47664\" alt=\"\" srcset=\"https:\/\/abmes.com.br\/site\/wp-content\/uploads\/2024\/08\/AMAMENTACAO-300x169.jpeg 300w, https:\/\/abmes.com.br\/site\/wp-content\/uploads\/2024\/08\/AMAMENTACAO-1024x576.jpeg 1024w, https:\/\/abmes.com.br\/site\/wp-content\/uploads\/2024\/08\/AMAMENTACAO-768x432.jpeg 768w, https:\/\/abmes.com.br\/site\/wp-content\/uploads\/2024\/08\/AMAMENTACAO.jpeg 1200w\" sizes=\"(max-width: 300px) 100vw, 300px\" \/><\/div>\n\t\t<\/a>\n\t\t\t\t<div class=\"elementor-post__text\">\n\t\t\t\t<h3 class=\"elementor-post__title\">\n\t\t\t<a href=\"https:\/\/abmes.com.br\/site\/agosto-dourado-e-o-mes-de-conscientizacao-e-apoio-ao-aleitamento-materno\/\" >\n\t\t\t\tAgosto Dourado \u00e9 o m\u00eas de conscientiza\u00e7\u00e3o e apoio ao aleitamento materno\t\t\t<\/a>\n\t\t<\/h3>\n\t\t\t\t<div class=\"elementor-post__meta-data\">\n\t\t\t\t\t<span class=\"elementor-post-date\">\n\t\t\t2 de agosto de 2024\t\t<\/span>\n\t\t\t\t<\/div>\n\t\t\t\t<\/div>\n\t\t\t\t<\/article>\n\t\t\t\t<article class=\"elementor-post elementor-grid-item post-47497 post type-post status-publish format-standard has-post-thumbnail hentry category-saude tag-abmes tag-cbmes tag-idosos tag-queda tag-socorro\">\n\t\t\t\t<a class=\"elementor-post__thumbnail__link\" href=\"https:\/\/abmes.com.br\/site\/quedas-de-idosos-riscos-e-prevencao-para-garantir-a-seguranca-dos-anciaos\/\" tabindex=\"-1\" >\n\t\t\t<div class=\"elementor-post__thumbnail\"><img loading=\"lazy\" decoding=\"async\" width=\"300\" height=\"200\" src=\"https:\/\/abmes.com.br\/site\/wp-content\/uploads\/2024\/06\/IDOSO-CAI-300x200.jpg\" class=\"attachment-medium size-medium wp-image-47498\" alt=\"\" srcset=\"https:\/\/abmes.com.br\/site\/wp-content\/uploads\/2024\/06\/IDOSO-CAI-300x200.jpg 300w, https:\/\/abmes.com.br\/site\/wp-content\/uploads\/2024\/06\/IDOSO-CAI-768x511.jpg 768w, https:\/\/abmes.com.br\/site\/wp-content\/uploads\/2024\/06\/IDOSO-CAI.jpg 1000w\" sizes=\"(max-width: 300px) 100vw, 300px\" \/><\/div>\n\t\t<\/a>\n\t\t\t\t<div class=\"elementor-post__text\">\n\t\t\t\t<h3 class=\"elementor-post__title\">\n\t\t\t<a href=\"https:\/\/abmes.com.br\/site\/quedas-de-idosos-riscos-e-prevencao-para-garantir-a-seguranca-dos-anciaos\/\" >\n\t\t\t\tQuedas de idosos: Riscos e preven\u00e7\u00e3o para garantir a seguran\u00e7a dos anci\u00e3os\t\t\t<\/a>\n\t\t<\/h3>\n\t\t\t\t<div class=\"elementor-post__meta-data\">\n\t\t\t\t\t<span class=\"elementor-post-date\">\n\t\t\t28 de junho de 2024\t\t<\/span>\n\t\t\t\t<\/div>\n\t\t\t\t<\/div>\n\t\t\t\t<\/article>\n\t\t\t\t<article class=\"elementor-post elementor-grid-item post-47366 post type-post status-publish format-standard has-post-thumbnail hentry category-saude tag-abmes tag-bombeiro-militar tag-cbmes tag-leptospirose tag-rio-grande-do-sul\">\n\t\t\t\t<a class=\"elementor-post__thumbnail__link\" href=\"https:\/\/abmes.com.br\/site\/numero-de-mortes-por-leptospirose-sobe-para-oito-no-sul-do-pais\/\" tabindex=\"-1\" >\n\t\t\t<div class=\"elementor-post__thumbnail\"><img loading=\"lazy\" decoding=\"async\" width=\"300\" height=\"169\" src=\"https:\/\/abmes.com.br\/site\/wp-content\/uploads\/2024\/06\/RIO-GRANDE-DO-SUL-300x169.jpg\" class=\"attachment-medium size-medium wp-image-47367\" alt=\"\" srcset=\"https:\/\/abmes.com.br\/site\/wp-content\/uploads\/2024\/06\/RIO-GRANDE-DO-SUL-300x169.jpg 300w, https:\/\/abmes.com.br\/site\/wp-content\/uploads\/2024\/06\/RIO-GRANDE-DO-SUL-768x432.jpg 768w, https:\/\/abmes.com.br\/site\/wp-content\/uploads\/2024\/06\/RIO-GRANDE-DO-SUL.jpg 800w\" sizes=\"(max-width: 300px) 100vw, 300px\" \/><\/div>\n\t\t<\/a>\n\t\t\t\t<div class=\"elementor-post__text\">\n\t\t\t\t<h3 class=\"elementor-post__title\">\n\t\t\t<a href=\"https:\/\/abmes.com.br\/site\/numero-de-mortes-por-leptospirose-sobe-para-oito-no-sul-do-pais\/\" >\n\t\t\t\tN\u00famero de mortes por leptospirose sobe para oito no sul do pa\u00eds\t\t\t<\/a>\n\t\t<\/h3>\n\t\t\t\t<div class=\"elementor-post__meta-data\">\n\t\t\t\t\t<span class=\"elementor-post-date\">\n\t\t\t4 de junho de 2024\t\t<\/span>\n\t\t\t\t<\/div>\n\t\t\t\t<\/div>\n\t\t\t\t<\/article>\n\t\t\t\t<\/div>\n\t\t\t\t\t<span class=\"e-load-more-spinner\">\n\t\t\t\t<svg aria-hidden=\"true\" class=\"e-font-icon-svg e-fas-spinner\" viewBox=\"0 0 512 512\" xmlns=\"http:\/\/www.w3.org\/2000\/svg\"><path d=\"M304 48c0 26.51-21.49 48-48 48s-48-21.49-48-48 21.49-48 48-48 48 21.49 48 48zm-48 368c-26.51 0-48 21.49-48 48s21.49 48 48 48 48-21.49 48-48-21.49-48-48-48zm208-208c-26.51 0-48 21.49-48 48s21.49 48 48 48 48-21.49 48-48-21.49-48-48-48zM96 256c0-26.51-21.49-48-48-48S0 229.49 0 256s21.49 48 48 48 48-21.49 48-48zm12.922 99.078c-26.51 0-48 21.49-48 48s21.49 48 48 48 48-21.49 48-48c0-26.509-21.491-48-48-48zm294.156 0c-26.51 0-48 21.49-48 48s21.49 48 48 48 48-21.49 48-48c0-26.509-21.49-48-48-48zM108.922 60.922c-26.51 0-48 21.49-48 48s21.49 48 48 48 48-21.49 48-48-21.491-48-48-48z\"><\/path><\/svg>\t\t\t<\/span>\n\t\t\n\t\t\t\t<div class=\"e-load-more-anchor\" data-page=\"1\" data-max-page=\"2\" data-next-page=\"https:\/\/abmes.com.br\/site\/wp-json\/wp\/v2\/pages\/47070\/page\/2\/\"><\/div>\n\t\t\t\t<div class=\"elementor-button-wrapper\">\n\t\t\t<a href=\"#\" class=\"elementor-button-link elementor-button\" role=\"button\">\n\t\t\t\t\t\t<span class=\"elementor-button-content-wrapper\">\n\t\t\t\t\t\t\t<span class=\"elementor-button-icon\">\n\t\t\t\t<svg aria-hidden=\"true\" class=\"e-font-icon-svg e-far-newspaper\" viewBox=\"0 0 576 512\" xmlns=\"http:\/\/www.w3.org\/2000\/svg\"><path d=\"M552 64H112c-20.858 0-38.643 13.377-45.248 32H24c-13.255 0-24 10.745-24 24v272c0 30.928 25.072 56 56 56h496c13.255 0 24-10.745 24-24V88c0-13.255-10.745-24-24-24zM48 392V144h16v248c0 4.411-3.589 8-8 8s-8-3.589-8-8zm480 8H111.422c.374-2.614.578-5.283.578-8V112h416v288zM172 280h136c6.627 0 12-5.373 12-12v-96c0-6.627-5.373-12-12-12H172c-6.627 0-12 5.373-12 12v96c0 6.627 5.373 12 12 12zm28-80h80v40h-80v-40zm-40 140v-24c0-6.627 5.373-12 12-12h136c6.627 0 12 5.373 12 12v24c0 6.627-5.373 12-12 12H172c-6.627 0-12-5.373-12-12zm192 0v-24c0-6.627 5.373-12 12-12h104c6.627 0 12 5.373 12 12v24c0 6.627-5.373 12-12 12H364c-6.627 0-12-5.373-12-12zm0-144v-24c0-6.627 5.373-12 12-12h104c6.627 0 12 5.373 12 12v24c0 6.627-5.373 12-12 12H364c-6.627 0-12-5.373-12-12zm0 72v-24c0-6.627 5.373-12 12-12h104c6.627 0 12 5.373 12 12v24c0 6.627-5.373 12-12 12H364c-6.627 0-12-5.373-12-12z\"><\/path><\/svg>\t\t\t<\/span>\n\t\t\t\t\t\t\t\t\t<span class=\"elementor-button-text\">Veja Mais<\/span>\n\t\t\t\t\t<\/span>\n\t\t\t\t\t<\/a>\n\t\t<\/div>\n\t\t\t\t<div class=\"e-load-more-message\"><\/div>\n\t\t\t\t<\/div>\n\t\t\t\t<\/div>\n\t\t\t\t\t<\/div>\n\t\t\t\t<\/div>\n\t\t\t\t<\/div>\n\t\t","protected":false},"excerpt":{"rendered":"","protected":false},"author":1,"featured_media":0,"parent":0,"menu_order":0,"comment_status":"closed","ping_status":"closed","template":"","meta":{"_acf_changed":false,"site-sidebar-layout":"no-sidebar","site-content-layout":"","ast-site-content-layout":"full-width-container","site-content-style":"default","site-sidebar-style":"default","ast-global-header-display":"","ast-banner-title-visibility":"","ast-main-header-display":"","ast-hfb-above-header-display":"","ast-hfb-below-header-display":"","ast-hfb-mobile-header-display":"","site-post-title":"disabled","ast-breadcrumbs-content":"","ast-featured-img":"disabled","footer-sml-layout":"","theme-transparent-header-meta":"","adv-header-id-meta":"","stick-header-meta":"","header-above-stick-meta":"","header-main-stick-meta":"","header-below-stick-meta":"","astra-migrate-meta-layouts":"default","ast-page-background-enabled":"default","ast-page-background-meta":{"desktop":{"background-color":"var(--ast-global-color-4)","background-image":"","background-repeat":"repeat","background-position":"center center","background-size":"auto","background-attachment":"scroll","background-type":"","background-media":"","overlay-type":"","overlay-color":"","overlay-gradient":""},"tablet":{"background-color":"","background-image":"","background-repeat":"repeat","background-position":"center center","background-size":"auto","background-attachment":"scroll","background-type":"","background-media":"","overlay-type":"","overlay-color":"","overlay-gradient":""},"mobile":{"background-color":"","background-image":"","background-repeat":"repeat","background-position":"center center","background-size":"auto","background-attachment":"scroll","background-type":"","background-media":"","overlay-type":"","overlay-color":"","overlay-gradient":""}},"ast-content-background-meta":{"desktop":{"background-color":"var(--ast-global-color-5)","background-image":"","background-repeat":"repeat","background-position":"center center","background-size":"auto","background-attachment":"scroll","background-type":"","background-media":"","overlay-type":"","overlay-color":"","overlay-gradient":""},"tablet":{"background-color":"var(--ast-global-color-5)","background-image":"","background-repeat":"repeat","background-position":"center center","background-size":"auto","background-attachment":"scroll","background-type":"","background-media":"","overlay-type":"","overlay-color":"","overlay-gradient":""},"mobile":{"background-color":"var(--ast-global-color-5)","background-image":"","background-repeat":"repeat","background-position":"center center","background-size":"auto","background-attachment":"scroll","background-type":"","background-media":"","overlay-type":"","overlay-color":"","overlay-gradient":""}},"footnotes":""},"class_list":["post-47070","page","type-page","status-publish","hentry"],"acf":[],"yoast_head":"<!-- This site is optimized with the Yoast SEO plugin v26.6 - https:\/\/yoast.com\/wordpress\/plugins\/seo\/ -->\n<title>Sa\u00fade - ABMES<\/title>\n<meta name=\"robots\" content=\"index, follow, max-snippet:-1, max-image-preview:large, max-video-preview:-1\" \/>\n<link rel=\"canonical\" href=\"https:\/\/abmes.com.br\/site\/destaques-2\/\" \/>\n<meta property=\"og:locale\" content=\"pt_BR\" \/>\n<meta property=\"og:type\" content=\"article\" \/>\n<meta property=\"og:title\" content=\"Sa\u00fade - ABMES\" \/>\n<meta property=\"og:url\" content=\"https:\/\/abmes.com.br\/site\/destaques-2\/\" \/>\n<meta property=\"og:site_name\" content=\"ABMES\" \/>\n<meta property=\"article:modified_time\" content=\"2024-04-14T20:36:54+00:00\" \/>\n<meta name=\"twitter:card\" content=\"summary_large_image\" \/>\n<script type=\"application\/ld+json\" class=\"yoast-schema-graph\">{\"@context\":\"https:\/\/schema.org\",\"@graph\":[{\"@type\":\"WebPage\",\"@id\":\"https:\/\/abmes.com.br\/site\/destaques-2\/\",\"url\":\"https:\/\/abmes.com.br\/site\/destaques-2\/\",\"name\":\"Sa\u00fade - ABMES\",\"isPartOf\":{\"@id\":\"https:\/\/abmes.com.br\/site\/#website\"},\"datePublished\":\"2024-04-14T20:34:29+00:00\",\"dateModified\":\"2024-04-14T20:36:54+00:00\",\"breadcrumb\":{\"@id\":\"https:\/\/abmes.com.br\/site\/destaques-2\/#breadcrumb\"},\"inLanguage\":\"pt-BR\",\"potentialAction\":[{\"@type\":\"ReadAction\",\"target\":[\"https:\/\/abmes.com.br\/site\/destaques-2\/\"]}]},{\"@type\":\"BreadcrumbList\",\"@id\":\"https:\/\/abmes.com.br\/site\/destaques-2\/#breadcrumb\",\"itemListElement\":[{\"@type\":\"ListItem\",\"position\":1,\"name\":\"In\u00edcio\",\"item\":\"https:\/\/abmes.com.br\/site\/\"},{\"@type\":\"ListItem\",\"position\":2,\"name\":\"Sa\u00fade\"}]},{\"@type\":\"WebSite\",\"@id\":\"https:\/\/abmes.com.br\/site\/#website\",\"url\":\"https:\/\/abmes.com.br\/site\/\",\"name\":\"ABMES\",\"description\":\"Associa\u00e7\u00e3o dos Bombeiros Militares do ES\",\"publisher\":{\"@id\":\"https:\/\/abmes.com.br\/site\/#organization\"},\"potentialAction\":[{\"@type\":\"SearchAction\",\"target\":{\"@type\":\"EntryPoint\",\"urlTemplate\":\"https:\/\/abmes.com.br\/site\/?s={search_term_string}\"},\"query-input\":{\"@type\":\"PropertyValueSpecification\",\"valueRequired\":true,\"valueName\":\"search_term_string\"}}],\"inLanguage\":\"pt-BR\"},{\"@type\":\"Organization\",\"@id\":\"https:\/\/abmes.com.br\/site\/#organization\",\"name\":\"ABMES\",\"url\":\"https:\/\/abmes.com.br\/site\/\",\"logo\":{\"@type\":\"ImageObject\",\"inLanguage\":\"pt-BR\",\"@id\":\"https:\/\/abmes.com.br\/site\/#\/schema\/logo\/image\/\",\"url\":\"https:\/\/abmes.com.br\/site\/wp-content\/uploads\/2024\/04\/logoam.png\",\"contentUrl\":\"https:\/\/abmes.com.br\/site\/wp-content\/uploads\/2024\/04\/logoam.png\",\"width\":587,\"height\":403,\"caption\":\"ABMES\"},\"image\":{\"@id\":\"https:\/\/abmes.com.br\/site\/#\/schema\/logo\/image\/\"}}]}<\/script>\n<!-- \/ Yoast SEO plugin. -->","yoast_head_json":{"title":"Sa\u00fade - ABMES","robots":{"index":"index","follow":"follow","max-snippet":"max-snippet:-1","max-image-preview":"max-image-preview:large","max-video-preview":"max-video-preview:-1"},"canonical":"https:\/\/abmes.com.br\/site\/destaques-2\/","og_locale":"pt_BR","og_type":"article","og_title":"Sa\u00fade - ABMES","og_url":"https:\/\/abmes.com.br\/site\/destaques-2\/","og_site_name":"ABMES","article_modified_time":"2024-04-14T20:36:54+00:00","twitter_card":"summary_large_image","schema":{"@context":"https:\/\/schema.org","@graph":[{"@type":"WebPage","@id":"https:\/\/abmes.com.br\/site\/destaques-2\/","url":"https:\/\/abmes.com.br\/site\/destaques-2\/","name":"Sa\u00fade - ABMES","isPartOf":{"@id":"https:\/\/abmes.com.br\/site\/#website"},"datePublished":"2024-04-14T20:34:29+00:00","dateModified":"2024-04-14T20:36:54+00:00","breadcrumb":{"@id":"https:\/\/abmes.com.br\/site\/destaques-2\/#breadcrumb"},"inLanguage":"pt-BR","potentialAction":[{"@type":"ReadAction","target":["https:\/\/abmes.com.br\/site\/destaques-2\/"]}]},{"@type":"BreadcrumbList","@id":"https:\/\/abmes.com.br\/site\/destaques-2\/#breadcrumb","itemListElement":[{"@type":"ListItem","position":1,"name":"In\u00edcio","item":"https:\/\/abmes.com.br\/site\/"},{"@type":"ListItem","position":2,"name":"Sa\u00fade"}]},{"@type":"WebSite","@id":"https:\/\/abmes.com.br\/site\/#website","url":"https:\/\/abmes.com.br\/site\/","name":"ABMES","description":"Associa\u00e7\u00e3o dos Bombeiros Militares do ES","publisher":{"@id":"https:\/\/abmes.com.br\/site\/#organization"},"potentialAction":[{"@type":"SearchAction","target":{"@type":"EntryPoint","urlTemplate":"https:\/\/abmes.com.br\/site\/?s={search_term_string}"},"query-input":{"@type":"PropertyValueSpecification","valueRequired":true,"valueName":"search_term_string"}}],"inLanguage":"pt-BR"},{"@type":"Organization","@id":"https:\/\/abmes.com.br\/site\/#organization","name":"ABMES","url":"https:\/\/abmes.com.br\/site\/","logo":{"@type":"ImageObject","inLanguage":"pt-BR","@id":"https:\/\/abmes.com.br\/site\/#\/schema\/logo\/image\/","url":"https:\/\/abmes.com.br\/site\/wp-content\/uploads\/2024\/04\/logoam.png","contentUrl":"https:\/\/abmes.com.br\/site\/wp-content\/uploads\/2024\/04\/logoam.png","width":587,"height":403,"caption":"ABMES"},"image":{"@id":"https:\/\/abmes.com.br\/site\/#\/schema\/logo\/image\/"}}]}},"_links":{"self":[{"href":"https:\/\/abmes.com.br\/site\/wp-json\/wp\/v2\/pages\/47070","targetHints":{"allow":["GET"]}}],"collection":[{"href":"https:\/\/abmes.com.br\/site\/wp-json\/wp\/v2\/pages"}],"about":[{"href":"https:\/\/abmes.com.br\/site\/wp-json\/wp\/v2\/types\/page"}],"author":[{"embeddable":true,"href":"https:\/\/abmes.com.br\/site\/wp-json\/wp\/v2\/users\/1"}],"replies":[{"embeddable":true,"href":"https:\/\/abmes.com.br\/site\/wp-json\/wp\/v2\/comments?post=47070"}],"version-history":[{"count":4,"href":"https:\/\/abmes.com.br\/site\/wp-json\/wp\/v2\/pages\/47070\/revisions"}],"predecessor-version":[{"id":47085,"href":"https:\/\/abmes.com.br\/site\/wp-json\/wp\/v2\/pages\/47070\/revisions\/47085"}],"wp:attachment":[{"href":"https:\/\/abmes.com.br\/site\/wp-json\/wp\/v2\/media?parent=47070"}],"curies":[{"name":"wp","href":"https:\/\/api.w.org\/{rel}","templated":true}]}}